0 and 20.
10
What is the greatest common factor of 7 and 4?
1
What is the highest common divisor of 86 and 10750?
86
Calculate the highest common divisor of 1147 and 37.
37
What is the highest common divisor of 9020 and 5?
5
What is the highest common divisor of 28 and 3668?
28
Calculate the highest common divisor of 1410 and 180.
30
Calculate the highest common factor of 13924 and 1180.
236
Calculate the greatest common factor of 2465 and 34.
17
What is the greatest common divisor of 23467 and 31?
31
Calculate the highest common divisor of 880 and 44.
44
Calculate the greatest common factor of 320 and 720.
80
Calculate the greatest common divisor of 120 and 384.
24
Calculate the greatest common divisor of 192 and 156.
12
What is the highest common factor of 18 and 138?
6
Calculate the greatest common factor of 123 and 287.
41
Calculate the highest common divisor of 8813 and 21.
7
Calculate the highest common factor of 27 and 18.
9
What is the greatest common divisor of 2130 and 150?
30
Calculate the greatest common factor of 260 and 500.
20
What is the highest common factor of 18 and 5517?
9
What is the greatest common divisor of 75 and 525?
75
What is the highest common divisor of 77 and 22?
11
Calculate the greatest common divisor of 799 and 329.
47
Calculate the greatest common factor of 55014 and 318.
318
What is the highest common factor of 1242 and 108?
54
What is the greatest common factor of 506 and 55?
11
Calculate the highest common factor of 10 and 3935.
5
What is the highest common divisor of 4952 and 8?
8
What is the greatest common factor of 23 and 1196?
23
Calculate the highest common factor of 128 and 608.
32
Calculate the highest common factor of 12 and 4316.
4
What is the greatest common factor of 517 and 187?
11
What is the greatest common factor of 4251 and 13?
13
What is the highest common divisor of 630 and 280?
70
Calculate the greatest common factor of 5066 and 34.
34
What is the greatest common factor of 253 and 363?
11
Calculate the highest common factor of 4 and 86.
2
What is the highest common factor of 92 and 88964?
92
Calculate the greatest common divisor of 261 and 957.
87
Calculate the highest common divisor of 16 and 3832.
8
Calculate the greatest common divisor of 12 and 75.
3
What is the highest common divisor of 42 and 2478?
42
Calculate the greatest common divisor of 150 and 2040.
30
What is the greatest common divisor of 9 and 66?
3
Calculate the highest common factor of 62 and 11966.
62
What is the greatest common divisor of 142 and 2?
2
What is the greatest common divisor of 600 and 24?
24
Calculate the greatest common factor of 380 and 4237.
19
What is the highest common divisor of 7 and 2030?
7
Calculate the greatest common factor of 154 and 22.
22
Calculate the greatest common factor of 1 and 151.
1
Calculate the highest common divisor of 224 and 21.
7
What is the highest common factor of 1127 and 414?
23
Calculate the highest common factor of 132 and 5522.
22
Calculate the highest common factor of 38 and 1691.
19
What is the highest common factor of 486 and 27?
27
Calculate the greatest common factor of 61 and 61.
61
What is the highest common factor of 325 and 351?
13
Calculate the highest common factor of 18 and 3447.
9
Calculate the greatest common factor of 708 and 5015.
59
Calculate the greatest common divisor of 2352 and 280.
56
Calculate the highest common divisor of 8169 and 21.
21
What is the greatest common divisor of 16 and 784?
16
Calculate the greatest common factor of 1701 and 315.
63
Calculate the greatest common divisor of 498 and 60.
6
Calculate the highest common divisor of 96 and 552.
24
What is the greatest common divisor of 210 and 5810?
70
What is the greatest common divisor of 30 and 12630?
30
Calculate the highest common factor of 121 and 7491.
11
Calculate the highest common factor of 2448 and 117.
9
Calculate the greatest common divisor of 22646 and 134.
134
Calculate the highest common divisor of 3 and 24.
3
Calculate the greatest common divisor of 4 and 3436.
4
Calculate the greatest common factor of 444 and 120.
12
Calculate the greatest common divisor of 294 and 735.
147
What is the highest common factor of 22 and 352?
22
Calculate the greatest common divisor of 40 and 250.
10
What is the greatest common divisor of 24068 and 22?
22
What is the greatest common factor of 109 and 1308?
109
What is the highest common divisor of 15 and 501?
3
What is the highest common divisor of 119 and 4063?
17
Calculate the greatest common factor of 33 and 33.
33
Calculate the highest common divisor of 22 and 54.
2
What is the highest common divisor of 17 and 1326?
17
What is the highest common divisor of 33732 and 18?
18
Calculate the greatest common divisor of 2379 and 39.
39
What is the highest common divisor of 71 and 4757?
71
Calculate the greatest common factor of 73 and 5986.
73
Calculate the highest common divisor of 1035 and 15.
15
Calculate the greatest common divisor of 19844 and 164.
164
Calculate the highest common divisor of 17 and 17.
17
Calculate the greatest common divisor of 105 and 910.
35
What is the highest common factor of 972 and 612?
36
Calculate the greatest common divisor of 9 and 100872.
9
Calculate the greatest common factor of 4706 and 52.
26
What is the greatest common factor of 6 and 62?
2
What is the greatest common divisor of 203 and 7?
7
What is the highest common divisor of 363 and 44?
11
Calculate the highest common factor of 8 and 2.
2
Calculate the highest common divisor of 33 and 231.
33
Calculate the highest common divisor of 10442 and 184.
46
What is the greatest common divisor of 39 and 2496?
39
Calculate the highest common divisor of 507 and 221.
13
What is the highest common divisor of 529 and 207?
23
Calculate the greatest common divisor of 2096 and 272.
16
Calculate the greatest common divisor of 69 and 391.
23
Calculate the highest common divisor of 140 and 518.
14
What is the greatest common divisor of 103 and 4?
1
What is the greatest common factor of 1288 and 736?
184
Calculate the greatest common divisor of 5901 and 21.
21
What is the highest common divisor of 160 and 64?
32
Calculate the highest common factor of 2651 and 11.
11
Calculate the highest common divisor of 1 and 313.
1
What is the greatest common divisor of 903 and 567?
21
What is the highest common divisor of 24 and 32?
8
What is the highest common divisor of 368 and 80?
16
What is the highest common divisor of 60 and 2304?
12
What is the highest common divisor of 16 and 12112?
16
What is the greatest common factor of 41 and 41?
41
What is the highest common divisor of 44 and 2530?
22
What is the greatest common divisor of 187 and 1441?
11
What is the greatest common divisor of 2 and 82?
2
Calculate the greatest common divisor of 451 and 66.
11
What is the highest common factor of 40 and 8140?
20
Calculate the highest common factor of 4240 and 636.
212
What is the greatest common factor of 5084 and 164?
164
What is the highest common divisor of 5 and 13?
1
Calculate the highest common factor of 100 and 625.
25
What is the highest common divisor of 9 and 828?
9
What is the highest common divisor of 84 and 476?
28
What is the highest common factor of 4213 and 33?
11
What is the highest common factor of 35 and 14?
7
What is the greatest common factor of 405 and 60?
15
What is the greatest common factor of 214 and 5671?
107
Calculate the greatest common factor of 18 and 333.
9
Calculate the highest common factor of 182 and 98.
14
What is the highest common divisor of 576 and 63?
9
Calculate the greatest common factor of 23 and 253.
23
What is the highest common divisor of 10 and 1730?
10
What is the highest common factor of 11 and 22?
11
What is the highest common divisor of 260 and 8?
4
What is the greatest common factor of 486 and 36?
18
What is the greatest common divisor of 2 and 38?
2
Calculate the highest common factor of 121 and 1.
1
Calculate the highest common divisor of 148 and 111.
37
Calculate the greatest common divisor of 294 and 4851.
147
Calculate the greatest common factor of 725 and 29.
29
What is the highest common factor of 21 and 609?
21
What is the highest common factor of 39 and 351?
39
Calculate the highest common factor of 116 and 87.
29
What is the 